10)/15)/(-2). Let v be (1008/(-27))/(0 - d/(-6)). Let r = v + 317. Is r a multiple of 31?
True
Suppose -271 = 5*z + 164. Let v = z - -238. Does 18 divide v?
False
Let d(c) = 24*c + 132. Let g be d(-6). Is 23 a factor of -60*(-6 - g/(-8))?
False
Let u = 325 + -355. Is (48/(-20)*281)/(12/u) a multiple of 72?
False
Does 92 divide (-20)/(-16) - 5292196/(-112)?
False
Let s be -1 - (-39)/(-6)*2*-1. Suppose -6*p - 720 = -s*p. Is 1/((-37)/p - (-1)/3) a multiple of 4?
True
Is 101 a factor of (1717/(-4)*-2)/(247/988)?
True
Let g(f) = -5*f**2 + 26*f - 1. Let a be g(5). Suppose -3*x + 1257 = 4*p, a*p - 3*x - 788 - 451 = 0. Is 28 a factor of p?
False
Suppose -22224*j = -22205*j - 389158. Is 266 a factor of j?
True
Suppose 105 = 2*y - 7*y. Let u be -1*((-2 - -16) + 5 + -10). Is (y/u + -2)*48 a multiple of 2?
True
Let r = 0 - -10. Suppose 0 = -r*l + 13*l + 336. Let z = 217 + l. Does 21 divide z?
True
Let j = -909 + -50. Let t = -890 - j. Does 23 divide t?
True
Let b(m) = 64*m**3 + 3*m**2 + 2*m - 6. Let k(g) = -g**2 + 8*g + 22. Let j be k(10). Is b(j) a multiple of 13?
False
Suppose -p + 5*v - 20 = 0, 13 = 2*p + 2*v + 5. Suppose p = -2*l - 2*l - 4, 4*b = 3*l - 45. Let n = b + 61. Is 7 a factor of n?
True
Let b(y) = -y**2 + y + 66. Let o(n) be the second derivative of -n**4/12 + 3*n**3/2 - 13*n. Let g be o(9). Is b(g) a multiple of 22?
True
Suppose -159*f + 152*f = 0. Suppose r - 1089 + 989 = f. Does 5 divide r?
True
Is 11 a factor of (-9 - 0)*(-23540)/60?
True
Let z(c) = 2*c**3 + c + 8. Let a = 118 + -112. Is 50 a factor of z(a)?
False
Let w = -3 - -353. Let x = -206 + w. Is x a multiple of 8?
True
Let c(b) = -20*b - 107. Let i be c(-5). Let p(t) = -t**3 - 14*t**2 - 3*t + 9. Let h(m) = m**2 - m - 1. Let q(a) = -5*h(a) - p(a). Is q(i) a multiple of 19?
True
Suppose 14*f = 2*f - 3*f. Suppose -1136 = -4*m + 3*d, f = -5*d + 2*d. Does 11 divide m?
False
Let s = -5626 - -11338. Is 168 a factor of s?
True
Let l(m) = -2*m**3 + m**2 + 8*m + 3. Let v = 268 + -271. Is 11 a factor of l(v)?
False
Let v = 4784 + -4272. Does 22 divide v?
False
Let h(x) = -3*x - 25. Let p be h(-10). Suppose 0 = -n + 3, -p*n = -0*k - 4*k + 101. Suppose -4*v - k = -153. Does 4 divide v?
False
Let g = -89 - -136. Let s = -65 + g. Let i = 2 - s. Is i a multiple of 20?
True
Let b(i) = -246*i + 31. Let y be b(-5). Let x = 2161 - y. Is x a multiple of 20?
True
Let a(k) = 3*k**2 - 60*k + 582. Is 51 a factor of a(-29)?
True
Let x be (-8 - (-378)/49)*(-14)/4. Does 11 divide (-52 + x)*(-2 + -5)?
False
Let h be (-2)/10 - 16588/(-65). Suppose 46*o + h = 51*o. Does 5 divide o?
False
Let b(y) be the third derivative of y**5/60 + y**4/4 - y**3 - 5*y**2. Let h = -149 - -139. Is b(h) a multiple of 15?
False
Let a(f) be the third derivative of f**6/60 + f**5/5 - f**4/12 - 7*f**3/6 + f**2. Let s(o) = 10*o**2 - 14*o - 2. Let i be s(1). Is a(i) a multiple of 5?
True
Suppose -4*a - f = -2764, 1980*a = 1982*a - 2*f - 1372. Does 5 divide a?
True
Let v = 90 + 86. Let x = v - 45. Suppose -47 = r - 5*m - x, -3*r - 2*m = -320. Is r a multiple of 13?
True
Suppose -81*p = -97*p + 90432. Is p a multiple of 6?
True
Let m(b) = b**3 - 4*b**2 + 3*b - 5. Let i be m(-6). Let s = i - -651. Suppose -4*t + 4*n + s = 0, t + 0*t - 4*n = 55. Is 12 a factor of t?
False
Suppose -f - 3*u - 20 = 0, 6 + 14 = -4*u. Let i be 1*(5 + 25/f). Suppose -6*o - 39 + 159 = i. Does 19 divide o?
False
Let k = 22 - 40. Let m(j) = j + 15. Let o be m(k). Let u = o + 8. Is u even?
False
Let s = -50 - -3. Let p = s + -1. Is -2 - (p - (2 - 4)) a multiple of 11?
True
Let u be 5/(-2)*(44/10 + -4). Is (u/2)/((-19)/9120) a multiple of 30?
True
Is (1456/(-12))/(-1)*6 a multiple of 6?
False
Suppose 6*r + r = 4*r. Suppose r = 8*d - 3455 - 617. Is d a multiple of 8?
False
Let p(j) = -8512*j + 30. Is p(-1) a multiple of 228?
False
Let g(b) be the second derivative of 5*b**4/12 + 5*b**3/6 - 2*b**2 - 2*b - 25. Is 26 a factor of g(-3)?
True
Suppose 44*q + 8088 = 6*b + 39*q, -5*b + 6733 = -3*q. Is b a multiple of 2?
False
Let p(m) = -2*m + 34. Let h be p(17). Let z be (-1)/(-1 + 0 - h) + -268. Let s = -78 - z. Is 47 a factor of s?
False
Let n = -1722 - -2680. Suppose 2*f - n = -0*f. Suppose 6*p - 3*a - 507 = p, -4*a + f = 5*p. Does 9 divide p?
True
Let n be ((-51)/68)/((-1)/4). Suppose m - 485 = -3*p - 83, -3*m = -n*p - 1218. Is m a multiple of 9?
True
Let g be 1 + (-36)/(-20) + 4/20. Let s(r) = 2*r**3 + 6*r**2 - 10*r. Is s(g) a multiple of 40?
False
Suppose 7*f - 4*f + 152 = -2*n, 2*f = 3*n - 123. Does 18 divide (-131)/((f/(-12))/(-9))?
False
Let w be (0 + 5)*1/(-5)*4. Let o be -2*(-6)/w - -161*3. Suppose 0 = 10*a - 4*a - o. Is a a multiple of 8?
True
Suppose 2*i + j - 21 = 4*j, -2*j + 36 = 2*i. Is (-12 + 2)*(-228)/i a multiple of 22?
False
Suppose 110600 = 105*f + 35*f. Is f a multiple of 2?
True
Let o be (-2 + 1)*67 + -2. Let s be 91 + 5*(0 + 16/40). Let z = o + s. Is 4 a factor of z?
True
Suppose 198*z - 94910 - 247630 = 0. Is 12 a factor of z?
False
Suppose 2*x - 33 + 29 = 0. Suppose 10 = -x*b, 2*b + 5 = 3*y - 26. Suppose 90 = -g + y*g. Is g a multiple of 5?
True
Suppose 5*s - 8304 = -3*b, -3*b - 4*s + 2877 = -5427. Let q = -1913 + b. Does 13 divide q?
False
Suppose 259*t = 255*t - 3*o - 6, 2*t - 8 = 4*o. Suppose 0 = -4*x - 2*u + 44, 4*x - u - 44 = 2*u. Suppose t = -x*q + 10*q + 32. Is 11 a factor of q?
False
Let n = -63 - -13. Let r = -57 - n. Let m(g) = g**2 + 6*g + 16. Is m(r) a multiple of 23?
True
Let g be 298 + ((-84)/(-8))/(-7)*-2. Let z be (g - 1) + 3 + -3. Let r = z - 97. Is 27 a factor of r?
False
Suppose -2*j - 57 = -0*d + 3*d, 0 = 5*d + 25. Let u be -1*30/6*j/(-5). Let q = u - -84. Is 42 a factor of q?
False
Let j be 0 + 0 + (-9)/(9/(-5)). Suppose -4*w + j*w - 3*k = -9, 0 = -5*k + 20. Suppose -4*x + 75 = -w*s, -3*s = -x - 2*s + 20. Is x a multiple of 15?
True
Suppose 7*o - 2*y = 2*o + 25, y = 4*o - 17. Suppose -5*g + 58 = 4*x - o*x, -x = 4*g - 63. Let w = -34 + x. Does 10 divide w?
False
Let k = 34626 - 9342. Is k a multiple of 196?
True
Let m = 17 + -17. Suppose m = -116*z + 109*z + 1330. Does 59 divide z?
False
Suppose 0 = 2*z - 4*z - 2*w + 34, -4*z = -5*w - 86. Suppose -5*l - z + 4 = 0, -1108 = -5*q - 4*l. Suppose 0 = 8*g - 4*g - q. Is 39 a factor of g?
False
Let j(l) = 14*l**2 + 3*l - 13. Let d be j(-3). Suppose 5*n = -0*g + g - d, -g + 4*n = -103. Is g a multiple of 9?
True
Suppose -6*u + 2*i + 2 = -u, 0 = -2*i - 2. Let x(n) = -3*n**2 - n + 720. Does 45 divide x(u)?
True
Suppose 2*a = 2*z - 36, -3*z + 33 = a - 9. Does 10 divide (-546)/(-9) - 10/z?
True
Let k = 24434 + -10272. Does 73 divide k?
True
Let o(n) = -348*n**2 - 3*n - 3. Let s be o(-2). Let v = 2079 + s. Is v a multiple of 46?
True
Suppose 87 = 2*k - 0*k + f, k - 39 = -2*f. Let m = -134 - -163. Let c = k - m. Does 16 divide c?
True
Let f = -442 - -447. Suppose 4*w - 2*x - 2178 = 0, -2718 = -f*w + 9*x - 5*x. Is w a multiple of 15?
False
Suppose -29337 = -10*r - 5587. Does 25 divide r?
True
Let l be (-2)/(-13) + (-6492)/(-52) + 0. Suppose 124 = -4*a - 4*n, -5*a + a = 3*n + l. Is 18 a factor of (2 - -38)*-2*36/a?
True
Suppose 3*y - f - 26 = 4*f, -3*f = -4*y + 42. Suppose -4*r = 4*t - 8*r + 12, 5*t - y = -4*r. Suppose t = -0*l + 4*l - 144. Does 6 divide l?
True
Suppose 2*d = 1163 + 3125. Suppose 2*m + 3*g = 1057, -4*m + g + d = -3*g. Is 13 a factor of m?
True
Let h(k) = 2*k**2 - 7*k + 14. Suppose 0 = -c + 3 + 5. Let j(o) = -o**3 + 9*o**2 - 7*o + 2. Let v be j(c). Does 16 divide h(v)?
True
Let q(d) = -d**3 + 7*d**2 + 7*d + 10. Let l be q(8). Let b(v) = 2*v + 6*v**2 - 13*v**3 + 21*v**3 + 4*v**l - 7*v**3 + 2. Is b(-9) a multiple of 13?
True
Is -1 + 0 + (-88)/4 + 6979 a multiple of 94?
True
Let q(s) = s**3 - 12*s**2 - 2*s - 23. Let x be q(19). Suppose x = 5*y - 164. Is 39 a factor of y?
False
Suppose 3530 = 3*l - d, -11755 = -10*l - 6*d + 7*d. Does 5 divide l?
True
Let a = -27017 + 36635. Does 320 divide a?
False
Let q(h) = -11*h**3 + 21*h**2 - 26*h - 140. Is 38 a factor of q(-11)?
True
Let b(x) = -192*x - 266. Let p be b(-6). Let k = p - 196. Is 6 a factor of k?
True
Let w = 151 - 124. Suppose 0 = -3*t + t - 48. Is w + t - (-98)/((-2)/(-2)) a multiple of 18?
False
Suppose -79*x = -76*x + 15, -5*l - 2*x + 830 = 0. Does 7 divide l?
True
Let s be ((-1296)/(-10))/((-2)/(-10)). Suppose 26*j - 10 -